he remainder when 8764401 is divided by 8.
1
What is the remainder when 386464 is divided by 1319?
1316
What is the remainder when 101045081 is divided by 13419?
11
What is the remainder when 3214678 is divided by 28702?
54
Calculate the remainder when 653718 is divided by 163319.
442
Calculate the remainder when 36552356 is divided by 312.
308
What is the remainder when 5696598 is divided by 2647?
254
Calculate the remainder when 246564062 is divided by 32.
30
Calculate the remainder when 7317 is divided by 3303.
711
Calculate the remainder when 1907526 is divided by 183.
117
Calculate the remainder when 742251 is divided by 244.
3
Calculate the remainder when 8268149 is divided by 351.
344
Calculate the remainder when 261444 is divided by 130685.
74
What is the remainder when 2300557 is divided by 124?
109
What is the remainder when 301958 is divided by 204?
38
Calculate the remainder when 3370633 is divided by 10873.
3
Calculate the remainder when 1739403 is divided by 3345.
3
What is the remainder when 9542514 is divided by 627?
201
Calculate the remainder when 116531 is divided by 4029.
3719
Calculate the remainder when 147064 is divided by 10436.
960
What is the remainder when 7190628 is divided by 513612?
60
What is the remainder when 1167234 is divided by 4307?
37
What is the remainder when 865173 is divided by 108142?
37
What is the remainder when 637419 is divided by 318642?
135
What is the remainder when 35891627 is divided by 222?
221
Calculate the remainder when 156136 is divided by 76769.
2598
What is the remainder when 115258 is divided by 610?
578
Calculate the remainder when 118104 is divided by 2628.
2472
Calculate the remainder when 18954 is divided by 18751.
203
Calculate the remainder when 13953631 is divided by 5472.
31
Calculate the remainder when 30910 is divided by 3410.
220
Calculate the remainder when 4145193 is divided by 828913.
628
What is the remainder when 1559851 is divided by 406?
405
What is the remainder when 5916749 is divided by 7?
6
Calculate the remainder when 11041805 is divided by 20.
5
Calculate the remainder when 93522 is divided by 5485.
277
What is the remainder when 144940 is divided by 144805?
135
What is the remainder when 3306139 is divided by 1445?
1424
Calculate the remainder when 5027279 is divided by 633.
626
What is the remainder when 2457585 is divided by 70216?
25
Calculate the remainder when 670149 is divided by 9855.
9
Calculate the remainder when 647950 is divided by 323933.
84
Calculate the remainder when 26792 is divided by 134.
126
What is the remainder when 7197890 is divided by 11?
7
Calculate the remainder when 668723 is divided by 334253.
217
What is the remainder when 3982206 is divided by 32?
30
Calculate the remainder when 527219 is divided by 83.
3
What is the remainder when 1578550 is divided by 116?
22
What is the remainder when 12312638 is divided by 82635?
23
What is the remainder when 204639 is divided by 40689?
1194
What is the remainder when 1488591 is divided by 1611?
27
Calculate the remainder when 1563023 is divided by 125.
23
Calculate the remainder when 724145990 is divided by 9836.
9834
What is the remainder when 3244 is divided by 1356?
532
Calculate the remainder when 20175811 is divided by 1441129.
5
What is the remainder when 5397419 is divided by 4513?
4384
Calculate the remainder when 94827266 is divided by 50.
16
What is the remainder when 4773673 is divided by 1591219?
16
Calculate the remainder when 346181 is divided by 57693.
23
Calculate the remainder when 18985 is divided by 1284.
1009
Calculate the remainder when 1250408 is divided by 524.
144
What is the remainder when 605928 is divided by 392?
288
Calculate the remainder when 33486 is divided by 4312.
3302
Calculate the remainder when 1578446 is divided by 2799.
2609
Calculate the remainder when 6675 is divided by 2918.
839
What is the remainder when 3285537 is divided by 40?
17
Calculate the remainder when 6703285 is divided by 1081.
4
What is the remainder when 117382 is divided by 242?
12
Calculate the remainder when 190707 is divided by 17294.
473
What is the remainder when 797299 is divided by 188?
179
What is the remainder when 1322634 is divided by 408?
306
What is the remainder when 2173776 is divided by 25560?
1176
What is the remainder when 40633293 is divided by 1475?
1468
Calculate the remainder when 48413 is divided by 6700.
1513
Calculate the remainder when 56384 is divided by 3521.
48
Calculate the remainder when 1471232 is divided by 6234.
8
Calculate the remainder when 291453 is divided by 58264.
133
Calculate the remainder when 637742 is divided by 428.
22
What is the remainder when 2495090 is divided by 271?
264
What is the remainder when 572437 is divided by 114483?
22
What is the remainder when 147891 is divided by 36968?
19
What is the remainder when 237615 is divided by 209?
191
What is the remainder when 1624367 is divided by 1439?
1175
What is the remainder when 41387553 is divided by 20398?
11
What is the remainder when 8194028 is divided by 154?
150
Calculate the remainder when 18505294 is divided by 5.
4
Calculate the remainder when 37520 is divided by 605.
10
What is the remainder when 59853 is divided by 1863?
237
Calculate the remainder when 203145892 is divided by 15.
7
What is the remainder when 111511339 is divided by 27877829?
23
What is the remainder when 455383 is divided by 90943?
668
Calculate the remainder when 46217582 is divided by 66982.
2
What is the remainder when 8065853 is divided by 97?
12
Calculate the remainder when 881947 is divided by 1153.
1055
What is the remainder when 24446171 is divided by 56069?
87
What is the remainder when 283584 is divided by 1250?
1084
Calculate the remainder when 7793595 is divided by 27934.
9
Calculate the remainder when 663061 is divided by 6707.
5775
What is the remainder when 2648024 is divided by 667?
34
What is the remainder when 1978578 is divided by 1606?
1592
Calculate the remainder when 68558227 is divided by 328.
323
Calculate the remainder when 8063194 is divided by 13.
9
What is the remainder when 12025041 is divided by 121464?
105
Calculate the remainder when 18604180 is divided by 516781.
64
What is the remainder when 15208523 is divided by 10871?
10865
Calculate the remainder when 1688236 is divided by 1395.
286
What is the remainder when 16081243 is divided by 1786790?
133
Calculate the remainder when 9975354 is divided by 6.
0
What is the remainder when 13156 is divided by 3792?
1780
What is the remainder when 94042247 is divided by 112?
103
What is the remainder when 357887794 is divided by 172?
170
Calculate the remainder when 39709 is divided by 144.
109
Calculate the remainder when 3273531 is divided by 437.
401
Calculate the remainder when 260233 is divided by 253.
149
What is the remainder when 2168973 is divided by 505?
503
What is the remainder when 828173366 is divided by 242?
240
Calculate the remainder when 15173103 is divided by 151.
19
What is the remainder when 5412887 is divided by 312?
311
What is the remainder when 16142852 is divided by 1243?
11
What is the remainder when 102018 is divided by 101950?
68
What is the remainder when 2300496 is divided by 23962?
144
What is the remainder when 10679619 is divided by 124?
119
Calculate the remainder when 216540212 is divided by 501.
497
What is the remainder when 5264830 is divided by 24487?
125
Calculate the remainder when 93078764 is divided by 4310.
4
What is the remainder when 2379147 is divided by 792959?
270
Calculate the remainder when 13899700 is divided by 1406.
1390
Calculate the remainder when 1163177 is divided by 2023.
1975
What is the remainder when 5664175 is divided by 61?
20
Calculate the remainder when 25427123 is divided by 5.
3
What is the remainder when 813326 is divided by 3448?
3046
Calculate the remainder when 9798783 is divided by 3.
0
What is the remainder when 5796693 is divided by 322037?
27
What is the remainder when 2227779 is divided by 773?
766
Calculate the remainder when 3481 is divided by 1716.
49
Calculate the remainder when 723189 is divided by 180759.
153
What is the remainder when 1312987 is divided by 64?
27
Calculate the remainder when 72817 is divided by 18182.
89
Calculate the remainder when